34 + (668 - 655).
-26
What is the value of (5 - 70 - -49) + 10 + 0 + (84 - 7)?
71
What is (22 - (-12 - -18)) + 7 + -169 + 7 + -4?
-143
Evaluate 68 - (105 + -162 + 54 - (0 + 1 - 16)).
56
73 - 103 - 18 - -62
14
Evaluate (-2 - (-5 - 7)) + 171 + -164.
17
Calculate (8 - -1) + (298 - 291) + 5.
21
Evaluate 102 - -24 - -86 - 106.
106
What is 54 - (15 - (26 + -21))?
44
Calculate -8 - (-5 - (12 + -7)) - (-64 - 25).
91
What is 5 + 0 + -65 + 95?
35
Calculate 1 + -12 + (-1 - 26) + -51 + 25.
-64
What is (-2 + 43 - ((-9 - 2) + 14) - 13) + -3?
22
Evaluate 20 - (-4 - (-8 - 23)) - (-1 - 7).
1
What is -6 - -17 - 15 - 0 - -18?
14
What is 16 - (-7 + 8 + -19 + -14)?
48
What is -85 + (-31 + 22 - (-26 - (1 + -7)))?
-74
What is 3953 + -3909 + -74 + -2?
-32
6 - 54 - -29 - (17 - 0)
-36
What is the value of 8 - (-3 + 4 + (-83 - -125) + -1 + 14)?
-48
What is -7 + 30 + -12 + 28?
39
Evaluate -5 - 85 - -16 - ((-6 - -11) + -2).
-77
What is -5 + (2 - 5) - ((-9 - (35 + -3)) + -3)?
36
Evaluate 55 + (-11 - 12) + -38.
-6
What is the value of 12 + -1 - (-47 - (-46 - 13))?
-1
Evaluate (40 + -15 - -20) + (-268 - -264).
41
66 + 1 + (-16832 - -16757)
-8
What is ((3 - 6 - -4) + -8 - -13) + 157 + -242?
-79
Evaluate -44 + (58 - 73) + 56 + -43 + 1.
-45
What is -64 + 12 + 13 + -25 + 38?
-26
Evaluate 2 + (-23 + 20 - -35) - (-12 + (1 - -1)).
44
184 - 162 - (-2 - 15)
39
What is the value of 14 + -3 - (488 - 456) - (1 + -12)?
-10
What is the value of 8 + -39 - (-1242 + 1210)?
1
Evaluate 17 + 26 + -55 + 3.
-9
Calculate 181 - (176 + -118) - (30 + -2).
95
Evaluate (-31 + 12 - (8 + -26)) + -17 + -1.
-19
What is the value of -10 + 408 + -490 + (-7 + -1 - 0) + 3?
-97
Evaluate 10 + -12 + 0 + (-13 - 4) + 9.
-10
What is -24 + 1 + 13 + (-93 - -2) + -21?
-122
92 + -47 - ((-7 - 10) + 7 + 8)
47
What is 22 - 10 - 15 - -87 - 23?
61
0 + (12 - -12) + -6 + -58
-40
What is 29 + (9 + -3 - (-128 - -114))?
49
Calculate (2 - 0) + (10 - 8) - (22 - (-1 + -35)).
-54
What is the value of 18 + 29 + -77 + 2?
-28
Evaluate 8 + -20 + 17 + 8 + -2 + (-11 - 64).
-64
Evaluate -32 - -7 - -2 - -10.
-13
What is 75 - (-11 + 17 + -8 + 24)?
53
Calculate 4 + (11 - 41 - -2) - -29.
5
What is the value of 79 + -61 + (-3 - -6) + -18 + 1 + 44?
48
13 + -29 + 13 + -43 - -24
-22
What is the value of 20 + (-19 - 6 - -10) + -7?
-2
Calculate -53 - (36 - (-21 + 33) - 51).
-26
Calculate (12 - (20 - (9 - 7))) + -25 + 1.
-30
(36 - (45 + 10)) + -22 + -1
-42
What is the value of -17 + (2 - (3 - 5 - 6)) + -2?
-9
Evaluate (2 - 1 - 1) + (-114 - -97 - -20) + -72.
-69
62 - 49 - (-20 + -2 + 2) - 7
26
-50 - (-23 - -4) - -24
-7
Calculate -16 + 0 + 5 - (-45 - -19) - 40.
-25
Evaluate 10507 + -10506 + 41 + (2 - (0 + -1)).
45
What is 3527 - 3495 - (45 + 0)?
-13
-9 + 1 - ((4 - 50) + 53)
-15
What is the value of -3 - 11 - (7 - (1 + -15))?
-35
What is -40 + -4 + 20 - -74?
50
What is the value of -120 + 133 + -9 + 1 - (-2 - -14)?
-7
What is (-9 + -4 - (29 + -9 + -85)) + -12?
40
Evaluate 17 + -19 + 33 + (14 - (6 - 6)).
45
Calculate -6 + (-13 - -28 - (2 - -10)).
-3
What is (15 - (3 + 6) - (2 - -3)) + 5 + -55?
-49
What is -16 - (40 - (8 - (13 + -3 + -5)))?
-53
What is 13 - -1 - (44 + (-2 - 7))?
-21
What is 4 + 1 + 11 + -5 + 13 + (56 - 18)?
62
(-6 - (-55 - (-9 - 0)) - -12) + -8
44
What is -110 + (11 - 7) + 4 + 47 + -47?
-102
Calculate 2 - -42 - (-2320 + 2433).
-69
What is the value of -53 + 6 - (-36 + 39 - (3 + 3 + 11))?
-33
Evaluate (106 - 99) + (11 - 4) - (-3 + (-7 - 96)).
120
Calculate 25 - (30 + 35 - 23).
-17
Calculate -7 - (-6 + 1 - (23 + 42)) - (9 - -2).
52
What is the value of (-18 - -20) + 25 + -90?
-63
Calculate -1340 - -1330 - (-3 - 19).
12
What is (-7 - -12 - -2) + -1 - (20 + -24 + 15)?
-5
What is the value of (-109 - 1) + (663 + -691 + (11 - 1) - -34)?
-94
What is 11 - (13 + 0 + (35 - 27 - -6))?
-16
Evaluate -54 + -14 + 16 + 19.
-33
Calculate 14 + (10 - -20 - 38).
6
What is the value of 23 + -12 + -5 + -10 - (-2 - 30)?
28
Evaluate (81 + -2 - 106) + -16.
-43
Evaluate 129 + -68 + -19 + -2.
40
(-1 - 14) + 2 + 9 - (54 - 11)
-47
What is the value of (-1 - 11) + (-64 - (-10 - (-14 - 10 - -14)))?
-76
Calculate -24 + -1 - (90 + (90 - 203)).
-2
Calculate 13 + 3 + -2 + -2 + 7 + (20 - 23).
16
Evaluate 56 - (69 + -66 - 6).
59
Calculate 2 - ((-13 - 1) + 0 + (-6 - -10)).
12
What is 28 - (27 + -19 + (2 - -4) + -20) - 8?
26
What is -32 + 0 + (383 - 388) - (-11 + -1)?
-25
Calculate 35 + -22 + 61 + (-5 - -2) + -10.
61
What is -9 + -5 + 19 + -7 - 57 - -6?
-53
What is the value of -1 - (20 - (-2 - -11) - 5) - -49?
42
What is the value of 128 + -169 + 9 + (-40 - -18)?
-54
Calculate -32 + (-5 - -1 - (571 + -603)).
-4
What is 13 + -6 - (11 + 90 - 11 - -13 - -4)?
-100
What is the value of -55 + -3 + (93 - 58)?
-23
Calculate -1 - ((13 - 0) + (-137 - (38 - 94))).
67
Calculate (12 - 19) + -526 + 552.
19
Evaluate 30 + -32 + (31 - (-9 + 41)).
-3
(18 - (44 + -32 + -6 + -1)) + -56
-43
What is (136 - (8 + 25)) + (-50 - -27)?
80
What is (33 - 0) + (-27 - 34) + 64?
36
Evaluate 247 + -487 - (-159 + 0).
-81
Evaluate (2 - 9 - 11 - -3 - -67) + 0 + 8.
60
14 - (-13 + (-15 - -4 - -17) + 95)
-74
Evaluate 9 + -4 - (15 + 6 - 9) - -2 - -101.
96
What is the value of 6 + (-12 - ((3 - 9) + 10 - (47 + 12)))?
49
What is (29 - -16) + -9 + 2 + (1 - -3) + 2?
44
What is the value of -365 - -469 - (5 - (-1 + -3))?
95
Calculate 3 - (37 + -4 - ((1 - -2) + -3)) - 8.
-38
Calculate -2 - (0 - (4 + -1)) - 1 - (-51 - -109).
-58
What is the value of (14 - 72) + (11 - 0)?
-47
Evaluate (57 - (98 + -127)) + -16.
70
Evaluate 8 - -1 - (26 + -58 + 27 + 0).
14
What is 23 - ((8 - 5 - 23) + 24)?
19
What is the value of 2 + -66 - (-6 - 99 - -55)?
-14
Evaluate -17 + 18 + 41 - -8 - (-3 + -1).
54
Calculate 2 + 4 - (33 + (21 + -57 - 12)).
21
-27 + (55 - 176) - -124
-24
What is 53 + -35 + -24 + 45?
39
Calculate (-11 - 40) + (-379 - -344).
-86
61 + -1 - ((-16 - 41 - -67) + (-2 - 4))
56
Calculate -2 - -2 - (82 + -25 - (0 + 23)).
-34
Calculate 26 + 2 + -22 + -3 + -40 + 52.
15
Evaluate 16 + (4 - -2) + (-66 - -10).
-34
Evaluate 114 - (-18 + 49 - (0 - (-17 + -1))).
101
What is the value of 21 + -26 - -68 - 22?
41
Evaluate 18 + (0 - 3) + (105 - (60 + -18)).
78
Calculate (-5 - (-26 + 4 - -2)) + (-343 - -342).
14
Evaluate -65 - (-59 - (-1 + -18)).
-25
What is (4 - (14 + -2) - 2) + (-59 - -18 - -36)?
-15
Calculate -20 + -71 + -23 + 68.
-46
What is the value of 4 - (-22 + -2 - (59 + -46))?
41
What is -38 - 4 - ((-8 - -4) + 11)?
-49
What is the value of -32 + (0 - -18 - 22) + 12?
-24
(18 - (7 + 0 + 39)) + -12
-40
What is (-51 - -1) + -54 + (13 + -43 - -68)?
-66
Calculate (28 - (1 + 21)) + (-5 - (4 + 2)).
-5
Calculate -16 - (-8 + 40 + (11 - 27)).
-32
(-93 - -3 - (57 + -77)) + 1
-69
What is the value of -2 + -47 - (-19 + 23 + -1 + -8)?
-44
Evaluate -1 + (-5 - (9 + -3)) + 2 + -8.
-18
What is 22 - (41 - (8 - -5) - 13) - 29?
-22
Evaluate 4 + -5 + 22 + -26 + 24.
19
(9 + -21 + 17 - 7) + -45 - 8
-55
What is the value of -4 + (1 - -11) + -4 + 4 + 75?
83
Evaluate 9 + (3 - 10 - -15) + 41 - (-11 + 4).
65
Evaluate (52 - 7) + 1 + -8 - (52 - 44).
30
What is -26 - (-85 - (-11 - (-7 - -10)))?
45
1 + (6 - 1) - (-20 + 32 - 11) - 39
-34
What is -10 + -64 + -265 + 249?
-90
Evaluate 3 + -1 + 8 + (2 - (-8 + 10 - -29)).
-19
Evaluate (-1 - (-2 + 5)) + 3884 + -3884.
-4
Evaluate -2 + 1 + 15 - (-7 + (-12 - -30)) - 21.
-18
Evaluate -29 - (-25 + 20 - (0 + -2 - 5)).
-31
What is the value of (14 - (8 - (-10 + 0))) + -13 + 11?
-6
Evaluate -50 + 12 - (-8 + 9 - -4).
-43
Calculate 39 - (34 + -45 - 33).
83
-5 - (6 + (10 - 27) + 65) - -8
-51
What is 459 - 439 - ((6 - (4 - (4 + -4))) + 6)?
12
Evaluate 2 - 1 - ((12 - (-1 + -5 + 29)) + 3).
9
(0 - -4 - -1) + 5 + (-44 - -77)
43
What is -93 + 69 + 10 + -2 + 21?
5
-40 + -1 - (-7 + (-18 + 12 - -10))
-38
Evaluate -39 - (-1 + 4 - (10 + -1) - -15).
-48
Evaluate 73 - (10 + (21 - 99)).
141
(-32 - (33 + -96 + 21)) + -136
-126
Calculate -7 + 8 + (0 - 0) + (35 + -33 - 5).
-2
What is the value of -128 + 181 + (-85 - 6)?
-38
What is 23 + -12 - ((21 - -23) + (-2 - (6 - 3)))?
-28
Evaluate 1 - 7 - ((-475 - -503) + -4 + 1).
-31
Evaluate (-42 - 4) + (17 - -10 - (-11 - (-36 + 11))).
-33
Calculate (-29 + 8 - -5) + (3 - 3) + 12.
-4
What is the value of -54 + (39 - (-9 + 12))?
-18
Calculate (-65 - (-83 - -16)) + 113.
115
18 + -16 + -44 - (-9 - 11)
-22
Evaluat